(-1). What is w(x)?
-1
Let x(o) = -6 - 52*o**2 - 1 + o**3 + 25*o**2 + 21*o**2 + 6*o. Suppose 0*m = -5*m + 25. Calculate x(m).
-2
Let w = -2 + 4. Suppose -w*f - 10 = -4*f. Suppose x - 7 = 3*o, -21 = 4*o + 2*x + f. Let t(y) = -y + 4. What is t(o)?
8
Let w(x) = -x**3 + x**2 + x - 1. Let h(k) = -6*k**3 + 6*k**2 + 10*k - 7. Let u(p) = h(p) - 5*w(p). Calculate u(3).
-5
Suppose 4 + 4 = -4*h - 3*w, 15 = 3*h - 3*w. Let z(v) = 2*v**3 + 3*v**3 - v**3 + 1. Determine z(h).
5
Suppose -3 = -4*a + 1. Let g be (6/4 - a)*6. Let k(q) = q**3 - 7*q**2 + 4*q + 4. Let l(c) = -c**2 + 1. Let b(t) = -k(t) + 3*l(t). What is b(g)?
-4
Suppose f = -261 + 263. Let q(c) be the first derivative of 7/2*c**f + 3 + 7*c - 1/4*c**4 - 4/3*c**3. Give q(-5).
-3
Let w(x) = -5*x**3 - x**2. Let y(h) = 3*h**2 - 2*h + 1. Let d be y(2). Suppose 3*g + g = -3*j + d, 4*g - 15 = 3*j. Give w(j).
4
Let g(x) = -x**2 + 5*x + 5. Suppose 0 = -o - 2*z - 1, 0 = 3*o + 5*z - 1. Determine g(o).
-9
Suppose -2*k = -3*k. Let c(t) = 3 - 6*t - t**2 + k*t**2 - 2. What is c(-6)?
1
Let z(t) = -t**3 + 3*t**2 + t + 2. Let l(a) be the second derivative of a**4/12 + 8*a**3/3 + 3*a**2/2 - 2*a. Let r be l(-16). Give z(r).
5
Let y(a) = -a**2 - 3*a + 1. Let u(x) = x + 2*x - 2*x. Let s be u(-5). Determine y(s).
-9
Let x(u) = -u**2 - 5*u + 3. Let j be x(-4). Let d(r) = -r - 2. Let y be d(-4). Let i(f) = 2*f - 5*f + j - 6*f**y - f**3 - 2*f. What is i(-5)?
7
Let m(g) = -3 - 2*g**3 + 9*g**2 + 12 - 9*g + 0*g**3 + g**3. Let d be m(8). Let u(q) be the first derivative of q**3 - q**2 + q - 1. What is u(d)?
2
Let g(c) = 2*c**2 + 7*c + 4. Let m = 13 - 31. Let x = 12 + m. Let a = -10 - x. Determine g(a).
8
Let d(h) = h**3 - 10*h**2 - 10*h - 9. Let s be d(11). Let k(z) = z**3 + 2*z**2 - 3*z + 3. Calculate k(s).
13
Let w(h) = 4*h. Let k(i) = -i - 1. Let c(l) = -6*k(l) - w(l). Let x = -9 + -1. Let m = x - -6. Determine c(m).
-2
Let d(l) = -l + 4. Let v = 9 + -4. Let n be d(v). Let a(p) be the third derivative of p**4/3 + 2*p**2. Determine a(n).
-8
Let m(p) = p**3 - 6*p**2 + 6*p - 1. Let f be m(5). Suppose 0*b = -3*b. Let i(r) = -3*r + b + r**2 - 4 + 8. Calculate i(f).
8
Let g = 11 + -7. Let b(a) = -2*a**2 + 13*a - 6. Let z(f) = -3*f**2 + 20*f - 9. Let h(q) = 8*b(q) - 5*z(q). Calculate h(g).
-3
Let q = 29 - 24. Let m = 0 - -2. Let s(n) = 4 + 4*n**2 + 0 - 5*n**2 + 4*n - m. Calculate s(q).
-3
Let t(m) = m - 9. Let i be t(0). Let u = -9 - i. Let g be u/(-2) - (6 - 5). Let f(y) = 7*y**2 + 2*y + 1. Give f(g).
6
Let u(s) = s**3 - 6*s**2 + 6*s. Let x = -7 - -9. Suppose 0 = 5*d - x*z - 17, 3*d - z = -0*z + 11. Determine u(d).
5
Suppose -2*q = -3*q + 2. Suppose q*y + 0*y = 6. Let v = y + 1. Let r(k) = k**3 - 4*k**2 + 2*k - 4. What is r(v)?
4
Let h = 26 - 22. Let j(f) = f - 1. What is j(h)?
3
Suppose 0 = -5*v - 18 - 2, -2*x = v - 30. Suppose 3 = 5*k - x. Let w(h) = -1 + 0 + h - 3. Give w(k).
0
Let b(s) = -5*s. Let i(o) = 14*o. Let c(g) = 8*b(g) + 3*i(g). Let n be (6 - 4)/((-2)/(-3)). What is c(n)?
6
Let l be (1 - 2)*(1 + -2). Let j(u) = 4*u**3 + 3*u**2 + u + 3. Let n(k) = -9*k**3 - 7*k**2 - 2*k - 8. Let g(o) = 5*j(o) + 2*n(o). Calculate g(l).
3
Let k(v) be the second derivative of v**6/360 + 7*v**5/120 + v**4/6 - 4*v. Let m(z) be the third derivative of k(z). Give m(-5).
-3
Let g = 5 - 2. Let a = g + 0. Suppose -4*c + a*m = -16, -4*m = m. Let w(t) = -t**3 + 6*t**2 - 5*t - 4. Calculate w(c).
8
Let x = -5 - -10. Let a(g) = 1 + 1 - 2*g + 4 + g**3 - 1 - x*g**2. Give a(5).
-5
Let t(g) = 4*g - 5*g**2 + g**2 - 4 - g**2 + 3*g**2. Determine t(4).
-20
Let c = 21 - 23. Let z be (-2)/c*(2 - 2). Let s(r) = -2*r**2 + 7*r - 7. Let v(h) = -3*h**2 + 10*h - 10. Let b(q) = 7*s(q) - 5*v(q). Calculate b(z).
1
Suppose 8 + 7 = 3*x. Let p(f) = 0*f + f + x - 3. Calculate p(-5).
-3
Let i(a) = 0*a - 2*a - a. Determine i(2).
-6
Let b(n) = -5 + 3 + 2*n**3 + 4. Suppose -3*r - 19 = -f + 3*f, 5*f + 3*r + 25 = 0. What is b(f)?
-14
Let u(b) = -b - 7. Let f(i) = 1. Let r(a) = 2*a + 10. Let z be r(-8). Let l(q) = z*f(q) - u(q). Let x be 0/(2 + -3 + 0). Calculate l(x).
1
Let j(n) = 9*n**2 - 8*n + 2. Suppose 0 = -2*q - 3 - 9. Let f(t) = -5*t**2 + 4*t - 1. Let r(k) = q*j(k) - 11*f(k). Give r(-5).
4
Let i = -7 - -4. Let m(q) = 3*q**2 + 17*q + 11. Let n(j) = -j**2 - 6*j - 4. Let p(k) = -3*m(k) - 8*n(k). Calculate p(i).
-1
Let v(j) = j**2 - 23*j - 25. Let y(g) = -6*g - 6. Let x(r) = 2*v(r) - 9*y(r). What is x(-5)?
14
Let z(w) = 1 + 0 - 1 - 5*w + 1. Determine z(2).
-9
Suppose 4*f + 22 = 2*r - 2, -5*f - 2*r = 12. Let i(s) be the first derivative of s**2 + 2 + 2*s - 4*s + 5*s + 6. Give i(f).
-5
Let s(y) = 4*y - 6 - 8 - 5*y. Let v be s(-14). Let f(l) = -2*l + l + 6 + 2*l**3 - l**2 - 3*l**3. Calculate f(v).
6
Let c(a) = -2*a**2 - 2*a - 1. Let b be (-45)/35 + 2/7. Let h be c(b). Let m(v) = 3*v**2 + 1 - 6*v**2 - 2*v**2. Determine m(h).
-4
Suppose -4*f + 42 = 5*y + 10, -5*f + 19 = y. Suppose y = 4*u, n + n = -3*u + 11. Let p(d) = -n*d + 1 - 4 + d**2 + 4. Give p(3).
-2
Let m(h) = -6*h. Suppose -3*s = -w - 4, -5*w + 6 = -4. Let g(n) = 4*n - 2*n**3 - 1 + 4*n**s - 9*n + n**3 + 2*n**3. Let f be g(-5). Give m(f).
6
Let r(s) = s**2 + 5*s - 4. Suppose -31 = 5*a - 1. What is r(a)?
2
Let l(f) = -f**3 - 3*f**2 - 3. Let q = -25 - -22. What is l(q)?
-3
Let i(g) = -g**2 - 9. Suppose 2*k = -3*k. Give i(k).
-9
Let n(s) = -4*s - 5. Let l(p) = 2*p + 2. Let g(q) = 5*l(q) + 2*n(q). Calculate g(-3).
-6
Let q(k) be the second derivative of -1/6*k**3 - 2*k + 1/12*k**4 + 0 + 1/20*k**5 + 2*k**2. Let h be (-1 - -1) + 9/(-3). Calculate q(h).
-11
Let i(j) be the third derivative of j**6/120 - j**5/30 + j**4/8 - j**3/6 + j**2. Suppose 15*h + 6 = 18*h. Give i(h).
5
Let a(m) = 5*m**2 + 4*m - 6. Let o(k) = 14*k**2 + 12*k - 17. Let z(t) = -11*a(t) + 4*o(t). Calculate z(-3).
-5
Let x be 12 - (0/3 + 0). Let g be (-19)/7 - x/42. Let z(w) = w**2 + 2*w - 3. Calculate z(g).
0
Suppose 2*f - 4 = -2*i, -8 = -f + 4*i + 4. Let r(v) = -2*v + 2. What is r(f)?
-6
Suppose 5*h = -0*h + 20, -3*d + h - 64 = 0. Let j be ((-8)/(-5))/((-8)/d). Suppose 0 = j*g + 3*w - 1, 2*w + 1 = 3*g + 4*w. Let f(i) = 5*i + 1. Give f(g).
6
Let l(f) = -f**2 + 1 - f**2 + 1 - 6*f + 3*f**2. What is l(5)?
-3
Let r(t) be the third derivative of t**4/24 + t**3/3 - 24*t**2. Suppose -v - 50 = -6*v. Suppose 3*n - 2*u + v = -2*n, n - 2*u = -2. Determine r(n).
0
Suppose -2*l + 21 = 9. Let c(j) = -2 + 19*j + 29*j + 0 - 55*j + j**2. Calculate c(l).
-8
Let w(c) = -c**3 + 4*c**2 + 8*c - 6. Suppose 4*f + 2*l - 12 = 0, 0 = -3*f - l + 3*l + 23. Calculate w(f).
9
Let l(d) = -4*d - 22 + 10*d - 5*d - 2*d. Determine l(0).
-22
Let u(f) = -2*f**2 + 5*f - 3. Let i be u(3). Let c(x) = -x**2 - 7*x - 4. Calculate c(i).
2
Suppose 0 = -4*b + 16 - 4. Let y(k) = 5 - 2 - 2*k**3 + 1 + k**b - 5*k**2 + 3*k. Let c be -1*(-2 + 7)*1. Calculate y(c).
-11
Let l = 5 + -4. Let r(g) = 2*g + 1. Calculate r(l).
3
Let v(h) = -2*h**3 + 8*h**2 - 12*h + 12. Let a(k) = 5*k**3 - 24*k**2 + 35*k - 36. Let i(q) = 3*a(q) + 8*v(q). Give i(-9).
-12
Let a(c) = c**3 - 6*c**2 + 5*c - 5. Suppose 0 = -4*b - 0*b + 12. Suppose b*g - g = -22. Let r = g - -16. Calculate a(r).
-5
Let n(v) be the first derivative of 7*v**4/4 + v**3/3 - v**2 + v + 1. Give n(1).
7
Let h(x) = 2*x**3 + x**2 - x**3 + x**2. Let a = -63 + 61. Determine h(a).
0
Let m be (0 + -3 + 3)*-1. Let w(q) = q**3 + q**2 - 6. Determine w(m).
-6
Let u = -2 + 10. Suppose u = 2*q - 4. Let c(p) = -2*p**2 - 4*p**2 - q + 7*p**2 - p. Calculate c(0).
-6
Let g(v) be the third derivative of -v**6/120 - v**5/15 + v**4/8 - 2*v**3/3 - 4*v**2. Calculate g(-5).
6
Let m(k) = k + 11. Let y be m(-7). Let f(j) = 1 - j + 1 + y. What is f(5)?
1
Let x be -5 + 1 - (-2 - -4). Let o(r) = r**3 + 5*r**2 - 7*r - 4. What is o(x)?
2
Let z(j) be the third derivative of j**5/60 - 7*j**4/24 + j**3 - 18*j**2. Give z(6).
0
Let q(a) be the third derivative of -a**5/10 - a**4/24 + a**3/6 - a**2. Calculate q(-2).
-21
Let c(f) = -f - 1. Let d(q) = -4*q - 4. Let s be d(-1). Give c(s).
-1
Let x(a) = -3*a - 3 + 5 + 0. What is x(-2)?
8
Let x(u) = u**3 + 7*u**2 + 2*u - 4. Let y be (2 - 1/4)*(-1 + -3). Determine x(y).
-18
Let g(i) = 7*i + i + 0 + 1. What is g(1)?
9
Let r be -1 + 2 + (8 - 7). Let h(i) = 4*i - 2. Give h(r).
6
Suppose 2 - 3 = -5*n + 3*h, 4*n - 11 = -h. Let s(g) be the first derivative of -5*g**